8. Determine o(-760).
12
Let m(g) = 2*g**3 - 36*g**2 + 106*g - 653. Calculate m(16).
19
Let h(s) = 17*s**3 - 13*s**2 - 1528*s + 4633. Calculate h(3).
391
Let v(t) = -t**3 + 23*t**2 + 10*t - 251. Calculate v(19).
1383
Let q(g) = 281992*g - 2255947. Calculate q(8).
-11
Let y(r) = -58*r**3 + 25*r**2 + 572*r - 595. Determine y(1).
-56
Let t(f) = -f**3 + 38*f**2 + 16281*f + 131. What is t(-110)?
21
Let d(s) = -87*s - 9392. Calculate d(-110).
178
Let b(t) = -23*t**2 - 1270*t + 2338. Calculate b(-57).
1
Let k(u) = 1141*u - 710794. What is k(623)?
49
Let p(o) = o**3 + 23*o**2 + 89*o + 187. Determine p(-6).
265
Let d(n) = n**2 + 6539*n + 149822. Give d(-23).
-46
Let i(s) = -711376*s + 2134114. Determine i(3).
-14
Let w(b) = 51676*b + 878403. Give w(-17).
-89
Let i(v) = 5085*v + 193236. Give i(-38).
6
Let o(s) = -4*s**2 - 1923*s + 102005. What is o(-529)?
-92
Let v(h) = 2*h**2 + 145*h - 560. Determine v(-76).
-28
Let f(b) = -5*b**2 + 481*b + 3654. What is f(-7)?
42
Let i(w) = -2*w**2 + 4339*w - 482225. Give i(2052).
-5
Let y(z) = 3*z**3 - 88*z**2 + 205*z - 437. Calculate y(27).
-5
Let s(w) = -1196*w - 89453. Calculate s(-75).
247
Let a(x) = -4*x**3 + 532*x**2 - 3527*x - 34. Give a(126).
92
Let f(s) = -12*s**3 + 7*s**2 + 42*s - 124. Determine f(3).
-259
Let d(n) = n**2 + 351*n + 25804. What is d(-105)?
-26
Let m(w) = w**2 + 458*w - 52027. Give m(95).
508
Let x(w) = 656*w - 207865. What is x(317)?
87
Let x(a) = -71*a**2 - 263*a + 486. What is x(-5)?
26
Let b(y) = -2*y**2 + 73*y + 98. What is b(33)?
329
Let y(s) = -6029*s - 204694. What is y(-34)?
292
Let w(h) = 25*h**2 + 378*h + 78. What is w(-17)?
877
Let c(w) = w**3 - 36*w**2 + 215*w + 564. What is c(-2)?
-18
Let w(b) = -164*b**2 + 37708*b + 2755. What is w(230)?
-5
Let r(t) = t**2 - 155*t + 1478. What is r(10)?
28
Let a(c) = 877*c**2 - 143827*c - 159. Calculate a(164).
5
Let r(j) = -63*j**2 - 866*j + 242. Determine r(-11).
2145
Let u(a) = 3*a**3 - 57*a**2 + 60*a - 82. Give u(18).
26
Let m(g) = 252*g - 2952. Determine m(12).
72
Let i(y) = -1573*y + 8438. Give i(6).
-1000
Let h(c) = -3*c**2 - 57*c + 177. What is h(3)?
-21
Let h(u) = -5*u**2 + 4*u + 391. What is h(19)?
-1338
Let q(s) = -23*s**2 + 30103*s - 298732. Determine q(10).
-2
Let c(w) = -w**3 - 43*w**2 - 302*w + 327. Give c(-32).
-1273
Let o(u) = -27*u**3 + 272*u**2 + 3*u - 254. Calculate o(10).
-24
Let t(h) = 232*h**2 + 706*h - 34. Give t(-3).
-64
Let f(d) = d**3 + 9*d**2 + 7*d - 24. Calculate f(-6).
42
Let q(n) = -60021*n + 59872. Calculate q(1).
-149
Let o(m) = -16748*m + 1909328. Calculate o(114).
56
Let v(w) = 83012*w - 83010. Give v(1).
2
Let c(k) = 2989*k + 95667. Determine c(-32).
19
Let k(c) = 129*c**2 + 860*c + 54. Determine k(-7).
355
Let y(b) = b**3 + 111*b**2 + 360*b + 66220. What is y(-113)?
2
Let v(o) = 4*o**2 - 5529*o - 3334626. Give v(-454).
4
Let l(k) = k**3 - k**2 + 51*k + 990. Determine l(-8).
6
Let u(y) = -3*y**2 + 4322*y - 8. What is u(0)?
-8
Let r(q) = -q**3 + 4*q**2 - 293*q + 901. Determine r(3).
31
Let w(k) = k**2 + 884*k - 6256. Give w(7).
-19
Let b(r) = -44*r + 87. Calculate b(-24).
1143
Let x(r) = 11282*r - 191600. What is x(17)?
194
Let x(p) = p**2 + 29*p - 625. Calculate x(19).
287
Let q(t) = 14*t**2 + 276*t + 518. Determine q(-20).
598
Let r(t) = 7*t**3 - 408*t**2 + 119*t - 206. Determine r(58).
-32
Let n(a) = -37*a**3 - 182*a**2 - 66*a - 296. Determine n(-5).
109
Let u(g) = -1279*g - 750728. Calculate u(-587).
45
Let f(j) = -j**3 - j**2 - 15*j + 287. Give f(0).
287
Let q(z) = -4610*z - 442565. What is q(-96)?
-5
Let y(c) = c**3 - 832*c**2 + 162031*c - 53. Give y(311).
-53
Let v(y) = -y**2 + 11212*y + 676316. Determine v(-60).
-4
Let g(s) = 2*s**2 - 673*s + 24233. What is g(41)?
2
Let d(t) = -15127*t + 831823. Calculate d(55).
-162
Let d(r) = -70*r - 4958. Calculate d(-64).
-478
Let b(r) = 3595440*r - 10786323. Calculate b(3).
-3
Let z(u) = -416*u + 19845. Give z(56).
-3451
Let v(u) = u**3 - 196*u**2 + 9353*u - 97. Calculate v(82).
313
Let n(v) = -309*v + 7452. What is n(22)?
654
Let r(u) = 468443*u - 2810657. What is r(6)?
1
Let o(r) = 197436*r + 7502538. Give o(-38).
-30
Let i(a) = -55283*a + 1326814. Give i(24).
22
Let p(y) = 460*y - 9230. What is p(17)?
-1410
Let i(y) = 3*y**3 + 421*y**2 - 266*y + 2235. Calculate i(-141).
-21
Let s(l) = -223*l**2 + 23186*l - 32. What is s(104)?
-656
Let t(k) = k**2 + 25107*k - 1145. Determine t(0).
-1145
Let k(o) = o**2 - 69*o - 11997. Give k(149).
-77
Let z(r) = -1436*r + 4328. Give z(3).
20
Let d(i) = -20252*i - 202693. What is d(-10)?
-173
Let h(o) = -12*o**2 + 61*o - 120. What is h(2)?
-46
Let a(g) = 8*g**2 - 588*g - 1163. Give a(-2).
45
Let i(p) = -634*p**2 - 21311*p + 8332. Determine i(-34).
2
Let s(f) = -7*f**3 - 16*f**2 - 82*f - 109. Give s(-2).
47
Let b(x) = -x**3 + 2*x**2 + 4095*x - 28648. Calculate b(7).
-228
Let g(y) = 8*y**3 - 442*y**2 - 882*y + 30. What is g(-2)?
-38
Let t(w) = -60*w + 7289. Determine t(123).
-91
Let j(w) = w**2 - 134*w + 4350. Calculate j(51).
117
Let d(c) = -22*c**2 + 12*c - 535. Determine d(0).
-535
Let k(o) = -8*o**2 + 41*o + 892. Calculate k(-14).
-1250
Let o(m) = m**3 + 1052*m**2 + 6224*m - 54391. What is o(-1046)?
1
Let o(t) = 4*t**3 + 56*t**2 - 1085. Determine o(-12).
67
Let a(d) = d**2 + 762903*d - 4577471. Calculate a(6).
-17
Let c(t) = -6*t**2 + 164*t - 154. Calculate c(29).
-444
Let n(r) = 16477*r - 164763. What is n(10)?
7
Let w(f) = f**3 - 10*f**2 - 1528*f + 1645. Calculate w(-35).
0
Let c(d) = -2196*d - 647810. Calculate c(-295).
10
Let p(d) = -3*d**2 + 609*d - 8502. What is p(15)?
-42
Let q(l) = -13*l**3 + 24*l**2 + 112*l + 328. Determine q(-3).
559
Let i(q) = -q**3 + 144*q**2 + 1537*q + 106647. What is i(158)?
-3
Let i(j) = 482*j**2 + 31904*j + 6077. Give i(-66).
5
Let j(q) = q**3 - 10*q**2 - 39*q + 177. Determine j(12).
-3
Let z(f) = -3*f**3 + 15*f**2 - 287*f + 1687. Give z(6).
-143
Let d(u) = -10374*u + 32673. Give d(3).
1551
Let j(z) = 12*z**3 - 168*z**2 - 13937*z + 195129. Give j(14).
11
Let o(k) = 38792*k + 814666. Calculate o(-21).
34
Let l(u) = u**3 - 65*u**2 + 1095*u + 49. Give l(29).
1528
Let c(r) = -632*r**2 - 2975*r + 27. What is c(-5)?
-898
Let q(m) = 36*m**2 + 319*m + 894. Calculate q(-5).
199
Let x(t) = -869*t + 52251. Give x(60).
111
Let b(u) = u**2 + 370364*u - 1111098. Calculate b(3).
3
Let k(j) = 3631*j - 3733. Determine k(1).
-102
Let i(w) = 32*w**2 + 56236*w + 413004. Give i(-1750).
4
Let a(d) = -d**2 - 125*d - 3331. Calculate a(-59).
563
Let n(r) = 4278*r - 55841. What is n(13)?
-227
Let m(o) = -10709*o - 149918. What is m(-14)?
8
Let n(u) = -2*u**2 - 245*u + 78. Calculate n(-121).
441
Let q(f) = -981*f + 12882. Give q(13).
129
Let o(w) = 524*w + 123677. Calculate o(-236).
13
Let x(g) = 1931*g + 13467. What is x(-7)?
-50
Let g(r) = 2*r**2 + 1371*r + 21587. Determine g(-16).
163
Let j(d) = -d**3 + 174*d**2 - 1269*d + 16695. Calculate j(167).
-5
Let z(u) = -492*u**2 - 19687*u - 281. Calculate z(-40).
-1
Let z(o) = -11*o**2 - 4155*o - 3054. What is z(-377)?
-38
Let g(u) = -u**3 - 150*u**2 - 209*u - 8572. Determine g(-149).
368
Let z(k) = k**2 + 383*k + 22616. Calculate z(-73).
-14
Let r(k) = -174*k - 15547. Determine r(-88).
-235
Let n(v) = -147147*v - 1618613. Determine n(-11).
4
Let j(m) = 19*m**2 - 12621*m - 9153. What is j(665)?
157
Let m(l) = -4*l**2 - 58*l - 216. Give m(-13).
-138
Let n(b) = 2409*b - 585395. What is n(243)?
-8
Let l(w) = -63457*w - 634571. What is l(-10)?
-1
Let m(d) = 481*d + 5908. Give m(-15).
-1307
Let z(a) = 44460*a**2 + 222260*a + 6. Give z(-5).
206
Let p(l) = 8*l**2 - 74*l + 85. Calculate p(10).
145
Let y(i) = -167*i**2 + 17860*i + 963. Determine y(107).
0
Let p(i) = 26*i**2 + 287*i + 1112. Determine p(-5).
327
Let p(o) = -3553*o - 64939. What is p(-19)?
2568
Let p(r) = -r**3 + r**2 + 7481*r - 29903. Give p(4).
-27
Let s(d) = -2721*d + 21566. Determine s(8).
-202
Let q(y) = 7114*y - 320136. Give q(45).
-6
Let i(w) = -2*w**3 + 23*w**2 + 450*w + 291. What is i(22)?
27
Let h(f) = 8816*f + 141648. What is h(-16)?
592
Let f(h) = h**3 + 24*h**2 - 643*h - 16185. Give f(-28).
-1317
Let x(s) = 3*s**2 - 267*s - 1120. Determine x(-4).
-4
Let w(i) = -i**3 - 20*i**2 + 2398*i + 47976. Calculate w(-20).
16
Let u(z) = 25*z**3 - 114*z**2 + 95*z. Determine u(3).
-66
Let i(b) = 3*b**3 - 15*b**2 - 12*